{"id":9861,"date":"2026-04-27T11:31:15","date_gmt":"2026-04-27T17:31:15","guid":{"rendered":"https:\/\/cedehm.org.mx\/es\/?post_type=publicaciones&#038;p=9861"},"modified":"2026-04-27T11:31:15","modified_gmt":"2026-04-27T17:31:15","slug":"las-infancias-que-no-vemos-como-las-graves-violaciones-de-derechos-humanos-estan-moldeando-a-ninas-ninos-y-adolescentes-en-chihuahua","status":"publish","type":"publicaciones","link":"https:\/\/cedehm.org.mx\/es\/publicaciones\/las-infancias-que-no-vemos-como-las-graves-violaciones-de-derechos-humanos-estan-moldeando-a-ninas-ninos-y-adolescentes-en-chihuahua\/","title":{"rendered":"Las infancias que no vemos: C\u00f3mo las graves violaciones de derechos humanos est\u00e1n moldeando a ni\u00f1as, ni\u00f1os y adolescentes en Chihuahua"},"content":{"rendered":"","protected":false},"featured_media":0,"template":"","class_list":["post-9861","publicaciones","type-publicaciones","status-publish","hentry"],"_links":{"self":[{"href":"https:\/\/cedehm.org.mx\/es\/wp-json\/wp\/v2\/publicaciones\/9861","targetHints":{"allow":["GET"]}}],"collection":[{"href":"https:\/\/cedehm.org.mx\/es\/wp-json\/wp\/v2\/publicaciones"}],"about":[{"href":"https:\/\/cedehm.org.mx\/es\/wp-json\/wp\/v2\/types\/publicaciones"}],"wp:attachment":[{"href":"https:\/\/cedehm.org.mx\/es\/wp-json\/wp\/v2\/media?parent=9861"}],"curies":[{"name":"wp","href":"https:\/\/api.w.org\/{rel}","templated":true}]}}

Las infancias que no vemos: Cómo las graves violaciones de derechos humanos están moldeando a niñas, niños y adolescentes en Chihuahua
